d) = -464*d - 6037. What is m(-13)?
-5
Let j(a) = 2*a**3 - 20*a**2 + 2*a - 43. Determine j(8).
-283
Let u(l) = l**2 + 78*l + 1444. Give u(-28).
44
Let b(y) = 69*y + 1034. Calculate b(-18).
-208
Let u(x) = -x**2 + 4*x + 9. What is u(-5)?
-36
Let v(f) = -f**2 + 45*f - 520. Give v(27).
-34
Let c(r) = -r**3 + 27*r**2 + 15*r + 396. What is c(28)?
32
Let p(t) = 379*t - 73539. What is p(194)?
-13
Let m(i) = -49*i + 300. Calculate m(6).
6
Let v(y) = -21*y**2 + 343*y - 124. Determine v(16).
-12
Let j(i) = -139*i**2 + 278*i - 6. Determine j(2).
-6
Let p(w) = -93*w**2 - 18*w - 20. Calculate p(-1).
-95
Let d(a) = -1002*a - 25069. What is d(-25)?
-19
Let m(f) = 51*f**2 - 15*f + 94. What is m(3)?
508
Let d(o) = 3*o**2 + 175*o - 886. Calculate d(-63).
-4
Let o(k) = -53*k - 3545. What is o(-67)?
6
Let z(w) = 490*w + 19088. Determine z(-39).
-22
Let u(j) = -36*j**2 - 133*j + 134. Determine u(1).
-35
Let b(m) = -12*m**2 + 177*m + 707. Calculate b(18).
5
Let z(c) = -c**2 - 54*c + 4280. Determine z(44).
-32
Let q(z) = -211*z + 1247. Determine q(6).
-19
Let k(u) = -2*u**2 - 96*u - 937. What is k(-35)?
-27
Let x(n) = n**3 - 8*n**2 + 20*n - 12. Calculate x(3).
3
Let i(f) = 4*f**3 - 22*f**2 + 45*f - 179. Calculate i(5).
-4
Let p(o) = -12*o**2 - 119*o + 9. Determine p(-9).
108
Let a(y) = -4*y**2 - 13*y - 51. What is a(9)?
-492
Let h(z) = -z**3 - 15*z + 6. Calculate h(0).
6
Let w(u) = -6*u - 448. Determine w(-64).
-64
Let c(f) = f**3 + 10*f**2 + 4*f + 14. Give c(-6).
134
Let x(o) = 13*o - 35. Determine x(3).
4
Let l(u) = -u**3 - 46*u**2 + 202*u - 24. Calculate l(4).
-16
Let r(b) = -22*b**3 - 15*b + 34. What is r(2)?
-172
Let b(n) = -60*n**2 - 40*n + 42. Calculate b(1).
-58
Let s(k) = -139*k + 390. Determine s(3).
-27
Let g(b) = -142*b - 709. Give g(-5).
1
Let s(o) = -29*o - 2643. Determine s(-90).
-33
Let k(j) = 2*j**3 + 81*j**2 - 129*j - 138. Calculate k(-42).
-12
Let n(r) = -61*r - 908. What is n(-20)?
312
Let y(i) = i**3 - 21*i**2 - 58*i + 1511. Give y(20).
-49
Let c(f) = 79*f + 4981. What is c(-63)?
4
Let j(f) = 5*f**3 + 21*f**2 + 44*f - 4. Calculate j(-4).
-164
Let q(g) = -g**2 - 60*g - 648. Give q(-44).
56
Let v(j) = 3*j**2 + 76*j + 192. Give v(-15).
-273
Let g(x) = 137*x + 1105. Give g(-8).
9
Let u(g) = 194*g - 2961. Calculate u(15).
-51
Let r(x) = 2*x**3 + 32*x**2 + 21*x + 7. Give r(-15).
142
Let m(d) = 2*d + 163. Determine m(-78).
7
Let t(b) = -5*b**2 - 17500*b - 34987. Give t(-2).
-7
Let t(r) = -r**2 + 48*r - 445. Calculate t(14).
31
Let x(n) = 5*n**3 + n**2 - 2*n + 1. What is x(3)?
139
Let j(q) = -10*q**2 + 408*q + 52. Give j(41).
-30
Let i(t) = -8*t**2 - 28*t - 52. Give i(7).
-640
Let u(x) = -x**3 + 16*x**2 - 11*x + 473. Give u(17).
-3
Let h(j) = -j**2 + 5*j - 4. What is h(9)?
-40
Let k(g) = g**3 - g**2 + 3*g. Give k(0).
0
Let p(u) = u**2 - 250*u + 737. Calculate p(3).
-4
Let v(l) = -l**3 - 7*l**2 + 297*l - 37. What is v(14)?
5
Let u(a) = a**3 + 4*a**2 - 180*a - 880. Give u(-5).
-5
Let n(d) = -d**3 + 165*d**2 - 2117*d + 48. What is n(14)?
6
Let c(j) = -725*j + 72516. Calculate c(100).
16
Let q(n) = n**3 + 18*n**2 + 5*n - 60. What is q(-18)?
-150
Let p(k) = -k**3 + 18*k**2 - 34*k + 32. What is p(16)?
0
Let m(f) = -f**3 + 10*f**2 - 17*f + 4. Give m(6).
46
Let v(g) = g**2 + 5*g - 181. Give v(-16).
-5
Let t(w) = 9*w**2 + 47*w + 415. Calculate t(-8).
615
Let q(i) = -25*i - 117. Determine q(4).
-217
Let u(x) = -3*x**2 + 8*x + 12. Calculate u(-3).
-39
Let c(j) = -j**2 - 16*j - 103. Give c(-15).
-88
Let u(g) = -614*g - 28842. Give u(-47).
16
Let w(v) = -3*v**3 + 18*v**2 + 3*v - 8. Determine w(6).
10
Let j(m) = -m**3 + 18*m**2 + 31*m + 154. Determine j(20).
-26
Let v(b) = 74*b**3 - 3*b**2 - 2*b + 1. Calculate v(-1).
-74
Let b(n) = -n**3 + 68*n**2 - 181*n - 895. What is b(65)?
15
Let f(w) = -804*w - 3301. Give f(-4).
-85
Let p(y) = y**3 + 60*y**2 + 50*y - 383. What is p(-59)?
148
Let w(d) = -3*d**2 - 106*d + 86. Determine w(-36).
14
Let u(k) = -k**3 + 7*k**2 + 9*k - 84. Determine u(5).
11
Let o(g) = 2*g**2 - 265*g + 3526. Determine o(15).
1
Let h(x) = 3*x**3 - 72*x**2 + 70*x - 21. Determine h(23).
2
Let r(i) = -3*i**2 + 29*i - 23. Calculate r(14).
-205
Let k(v) = 20*v**2 + 84*v + 72. Determine k(-3).
0
Let j(m) = -26*m - 82. Determine j(-6).
74
Let m(q) = q**3 - 21*q**2 - 82*q + 309. Give m(24).
69
Let l(b) = -b**3 - 15*b**2 - 63*b - 16. Calculate l(-9).
65
Let q(w) = 38*w**2 - 1898*w - 113. Give q(50).
-13
Let g(j) = -55*j - 1869. What is g(-35)?
56
Let j(g) = g - 8. What is j(0)?
-8
Let p(n) = -n**3 + 142*n**2 - 3353*n - 789. Determine p(112).
-5
Let c(f) = f**2 - 35*f + 183. Calculate c(7).
-13
Let n(s) = 17*s - 317. Give n(20).
23
Let a(o) = -26*o + 180. Determine a(25).
-470
Let k(r) = -80*r + 158. Give k(2).
-2
Let i(w) = -w**3 + 9*w**2 - 344*w + 6503. What is i(15)?
-7
Let u(c) = 11*c + 497. Calculate u(-44).
13
Let b(y) = y**3 - y**2 + 18*y - 137. Calculate b(5).
53
Let j(t) = -t**3 - 7*t**2 + 58*t + 280. Calculate j(-10).
0
Let p(v) = 2502*v + 17555. What is p(-7)?
41
Let j(w) = 2*w**2 - 87*w + 51. What is j(43)?
8
Let m(n) = 47*n**3 + n**2 + 94*n + 92. Calculate m(-1).
-48
Let f(x) = -14*x**2 - 56*x + 11. Determine f(-5).
-59
Let n(s) = -18*s - 123. What is n(-9)?
39
Let m(n) = -2*n**2 + 34*n - 49. Give m(14).
35
Let q(d) = 6140*d - 42970. What is q(7)?
10
Let p(w) = 46*w - 181. Determine p(4).
3
Let f(o) = 134*o + 944. What is f(-7)?
6
Let g(q) = -1398*q + 55929. Calculate g(40).
9
Let c(s) = -32*s - 542. What is c(-18)?
34
Let q(i) = 88*i + 989. What is q(-11)?
21
Let k(l) = 2*l**3 + 74*l**2 - 10*l - 375. Determine k(-37).
-5
Let u(k) = k**2 - 29*k - 3833. Determine u(-49).
-11
Let n(c) = -793*c - 53125. Calculate n(-67).
6
Let a(d) = -d**3 - 38*d**2 + 65*d + 1018. What is a(-39)?
4
Let q(r) = r**2 + 98*r - 4653. Calculate q(35).
2
Let q(i) = 579*i**2 + 46*i + 45. What is q(-1)?
578
Let z(c) = 395*c + 1167. Give z(-3).
-18
Let f(n) = 52*n - 525. Determine f(16).
307
Let w(z) = -z**2 - 21*z - 33. What is w(-19)?
5
Let c(p) = 11*p + 25. What is c(3)?
58
Let h(b) = -9*b**2 + 199*b + 201. Determine h(-1).
-7
Let b(i) = -762*i + 1516. What is b(2)?
-8
Let j(r) = 12*r**3 + 2*r**2 + 6*r + 16. What is j(-2)?
-84
Let i(r) = -4*r - 85. Calculate i(-5).
-65
Let f(z) = z**3 - 23*z**2 + 29*z - 12. Calculate f(17).
-1253
Let c(l) = -12*l + 592. What is c(40)?
112
Let t(v) = -2*v**3 + 5*v**2 + 7*v + 57. Give t(9).
-933
Let y(f) = 2*f**2 + 48*f + 300. What is y(-12)?
12
Let h(k) = k**3 + 35*k**2 - 277*k - 121. Give h(7).
-2
Let b(a) = 3*a**2 + 14*a + 83. Determine b(-5).
88
Let z(v) = 2*v**3 + 5*v**2 + 37. What is z(-6)?
-215
Let f(i) = 4*i**2 - 54*i + 136. Give f(9).
-26
Let v(p) = -698*p + 1598. Give v(3).
-496
Let n(v) = -v**2 - 60*v - 745. What is n(-15)?
-70
Let a(r) = -92*r - 422. Determine a(-4).
-54
Let x(m) = m**3 + 50*m**2 + m + 101. What is x(-50)?
51
Let d(z) = 7*z**2 + 64*z - 538. Calculate d(7).
253
Let y(a) = a**3 + 11*a**2 - 61*a - 592. Calculate y(-12).
-4
Let y(t) = t**3 + 37*t**2 + 52*t - 299. Give y(-35).
331
Let r(i) = i**2 - 14*i - 197. Calculate r(-12).
115
Let b(p) = -2*p**3 - 272*p**2 - 280*p - 1348. Calculate b(-135).
2
Let n(h) = 2*h**2 - 29*h + 81. Determine n(11).
4
Let p(s) = 254*s + 1419. What is p(-6)?
-105
Let y(v) = -18*v - 15. Give y(4).
-87
Let o(m) = -2*m**2 + 141*m + 374. Calculate o(74).
-144
Let q(t) = 7*t**2 - 29*t - 112. Give q(-4).
116
Let j(t) = -393*t + 958. Calculate j(2).
172
Let s(k) = 112*k - 970. Give s(15).
710
Let o(l) = 5900*l - 153399. Give o(26).
1
Let r(l) = l**3 - 46*l**2 + 35*l + 253. Give r(45).
-197
Let d(j) = 2*j**2 - 144*j + 2200. Determine d(50).
0
Let n(x) = 38*x**3 + 191*x**2 + 2*x - 3. What is n(-5)?
12
Let m(g) = 236*g + 28801. Give m(-122).
9
Let p(j) = -j**3 - 22*j**2 - 52*j - 228. Give p(-20).
12
Let h(j) = 14*j**3 - 45*j**2 - 75*j + 249. Give h(3).
-3
Let n(f) = -68*f - 722. Determine n(-11).
26
Let r(h) = -h**3 - 81*h**2 - 34*h + 3684. Determine r(-80).
4
Let p(d) = -d**3 - 31*d**2 + 70*d + 1205. Determine p(-32).
-11
Let w(f) = 23*f + 1767. Determine w(-77).
-4
Let m(o) = -37*o**3 - 2*o**2 + 8*o. Calculate m(3).
-993
Let m(g) = -6*g**2 - 14*g + 363. Calculate m(-9).
3
Let f(n) = -3*n**2 + 170*n - 734. Calculate f(52).
-6
Let z(k) = 8*k**3 + 102*k**2 - 31*k + 9. Give z(-13).
74
Let o(l) = -2*l**